80 - -12317. What is the remainder when 747 is divided by m?
62
Let f be (-153)/(-9) + 6/(-3). Suppose 3*l = -2*l + f. What is the remainder when 4 - ((-2 - -4) + -5) is divided by l?
1
Let h be 17/15 + 4/(-30). Let u be h/((-9)/(-177)) - (-4)/12. Suppose -4*l = -3*i + 25, 0 = 4*l - 0 - u. What is the remainder when 26 is divided by i?
11
Let a = -12 + 20. Suppose -3*t = 34*t + 1147. Let h(r) = r**2 + 34*r + 106. Calculate the remainder when h(t) is divided by a.
5
What is the remainder when 34253 is divided by (98/21)/(4/66)*4/28?
10
Calculate the remainder when 29/(24/(-9024)*-8) is divided by 340.
3
Let w(u) = u + 9. Suppose 20*o = 23*o + 42. Let q = o + 10. What is the remainder when 6 is divided by w(q)?
1
Let f = 85 - -111. Suppose -5*u = -2*p - 37, 5*u + 83*p - 49 = 82*p. Calculate the remainder when f is divided by u.
7
Let a(p) = 7*p - 27. Let t be a(-16). Let z(d) = -d**3 - 13*d**2 - 29. Let j be z(-12). Let x = t - j. What is the remainder when 66 is divided by x?
32
Calculate the remainder when 4902 is divided by (-27931)/(-17) - (11 - 0).
6
Let x(q) = 7*q - 46. Let n be x(7). Suppose -7 = 2*w + b - 13, w + n*b = -2. Calculate the remainder when 12 is divided by w.
0
Let u(a) = 2*a**2 - 4*a - 6. Let r be u(4). Suppose 7*o = r*o - 18. Let m = o + -4. What is the remainder when 2 is divided by m?
0
Let g = -625 - -640. Suppose 8*d = -g*d + 184. What is the remainder when 271 is divided by d?
7
Suppose d + 90 = r, -489*d + 494*d = -r + 126. What is the remainder when 484 is divided by r?
4
Let m(n) = 2*n + 20. Suppose -2*k - 4 - 2 = 3*y, 11 = k + 5*y. Let z be m(k). Suppose -62 = -4*g + z*g. What is the remainder when g is divided by 16?
15
Let o = -10 - -25. Let j(c) = -2*c**2 + c + 42. Calculate the remainder when j(0) is divided by o.
12
Suppose 0 = -5573*z + 5563*z + 220. Calculate the remainder when 179 is divided by z.
3
What is the remainder when 1990 is divided by ((-19)/(-1))/((-29)/(-754))?
14
Suppose 2*f + 25 = -11*u + 12*u, 0 = 5*f - 5. Calculate the remainder when u is divided by (-19)/(-3) + 12/18.
6
Let p = -4166 + 4482. What is the remainder when 990 is divided by p?
42
Let m = -9674 - -10009. Calculate the remainder when m is divided by 161.
13
Suppose -45 = -2*z + 5*j + 4, -2*z + 4*j = -48. Let b be 1 + (-218)/2 + -1. Let n = 172 + b. What is the remainder when n is divided by z?
19
Suppose 410214 = 46*z + 99116. Calculate the remainder when z is divided by 33.
31
Suppose 47157 = -157*d + 190*d. What is the remainder when d is divided by 26?
25
Suppose 0 = -m - 5*i + 115, m - 4*i = 3*m - 212. Let u(c) = c**2 - 4*c - 15. What is the remainder when m is divided by u(-4)?
15
Let x(k) = -27*k + 37. Let p be x(3). Let h(q) = -4*q + 8. Calculate the remainder when h(-5) is divided by (-61)/(-4) + 11/p.
13
Let u = -35 + 141. Let g(p) = p**3 + 47*p**2 - 95*p + 159. What is the remainder when u is divided by g(-49)?
10
Let y(t) = -t - 6. Let m = 22 + -17. Suppose -r = -m*r - 60. Calculate the remainder when y(r) is divided by 7.
2
Let v = 5694 - 5428. Calculate the remainder when v is divided by 255.
11
Let n = 10032 - 10002. What is the remainder when 2336 is divided by n?
26
Suppose -6*q = 9*q - 390. Let n(y) = -y**3 + 26*y**2 + 2*y - 18. Calculate the remainder when n(q) is divided by 4.
2
Suppose -n = -256*p + 261*p - 370, -4*p = -5*n - 325. Calculate the remainder when 440 is divided by p.
65
Let b be (-1261)/52*-2*2. What is the remainder when (0 + 1)*282 - (b + -101) is divided by 32?
30
Calculate the remainder when (-4917)/(-21) + (-1)/((-49)/(-56)) is divided by 14.
9
Let z = 7473 + -7122. What is the remainder when z is divided by 81?
27
Let y(f) = 2*f**3 + 15*f**2 + 59*f + 213. Calculate the remainder when y(-5) is divided by 38.
5
Suppose 4*c = -261 + 9. Let h = c + 80. What is the remainder when 1612 is divided by h?
14
Suppose v - 5 = l, -3*l + 24 = 2*v + 2*l. Suppose -4*n + 14 = -18. What is the remainder when n is divided by v?
1
Let s(t) = 2*t**3 + 11*t**2 - 44*t + 15. Calculate the remainder when 252 is divided by s(3).
0
Suppose -1462 = -3*g - d + 5, 4*d - 12 = 0. What is the remainder when g is divided by 50?
38
Let c(v) = -v**3 + 56*v**2 - 51*v + 1609. What is the remainder when c(51) is divided by 16?
13
Suppose -i = 3*i - 4*h - 380, 4*h = -4. Suppose 3*f - i = f. Let n = 58 + f. Calculate the remainder when n is divided by 27.
24
Suppose -139*n + 138*n + 173 = 0. What is the remainder when 1897 is divided by n?
167
Let j(z) = z**3 + 14*z**2 + 22*z - 32. Let r be j(-14). Let n = r - -345. Calculate the remainder when 159 is divided by n.
4
Suppose -59 - 51 = 2*w. Let a = -10 + 13. What is the remainder when (-155)/w + (-2)/(-11) is divided by a?
0
Suppose -44*f + 685415 = -54*f + 39*f. Calculate the remainder when f is divided by 76.
75
What is the remainder when 231 is divided by (3/36)/((-9)/(-36))*177?
54
Let x = 334 + -178. Calculate the remainder when 597 is divided by x.
129
Suppose 3*r = 2*s - 1265, 1005*s - 1860 = 1002*s - 3*r. What is the remainder when s is divided by 6?
1
Let c(j) = 4*j**3 - 81*j**2 - 6*j + 90*j**2 - 5*j**3 - 8. What is the remainder when c(7) is divided by 7/(1/(3 + -2))?
6
Let l(v) = 85*v**2 - 146*v - 415. Calculate the remainder when l(-3) is divided by 32.
20
Let y(u) = -7*u + 4. Let r be y(-12). Let t = 238 - r. Suppose t*f - 146*f = 60. What is the remainder when 43 is divided by f?
13
Let w = 538 + -297. Suppose w = -3*q + 682. Suppose 4*p = 3*p + 5*l + 51, l = 4*p - q. What is the remainder when p is divided by 19?
17
Let x = 256 + -114. Let i = 206 - x. What is the remainder when i is divided by 9?
1
Let r be (-480)/5*(1 - 0). Let v = r + 204. Calculate the remainder when v is divided by 8255/150 - 125/3750.
53
Let h be ((-2)/(-6))/(6 + (-3143)/525). Let n be (h/(-15)*-183)/(-1). Let m = 431 + n. What is the remainder when m is divided by 43?
40
Let c(m) = -19*m**3 - 46*m**2 - 153*m + 42. What is the remainder when c(-4) is divided by 41?
27
Let n be (4/(-6))/((-56)/9 - -6). Suppose 5*d = 2*q + 81 - 4, 2*q + 43 = n*d. Calculate the remainder when 79 is divided by d.
11
Let n be ((-15)/(-2))/((-18)/(-24)). Let f be 5/(-20)*n*(-8)/2. Suppose -f*i + 64 = -6*i. Calculate the remainder when i is divided by 9.
7
Suppose 9*u - 16*u = -35. Suppose 0 = -3*k + 2*s + s + 108, 3*s = -u*k + 188. Let d = 19 + 0. Calculate the remainder when k is divided by d.
18
Suppose 44 = 5*w - 56. Suppose -4143 + 2477 = -14*s. What is the remainder when s is divided by w?
19
Let r = -24 + 24. Suppose f + 8 = -4*m + 4, r = m + 1. Suppose f = -9*g + 15*g - 42. Calculate the remainder when 32 is divided by g.
4
Let j = 1049 - 1026. What is the remainder when 2521 is divided by j?
14
Let o = 352 - 208. Calculate the remainder when o is divided by 2*(-8 - -18) - -1.
18
Let v = 963 - -3558. What is the remainder when v is divided by 22?
11
Let b(u) = -8*u**3 - 2*u - 1. Suppose 2 = -3*r - 1. Suppose -3*h + o = -96, 8*h - o = 4*h + 127. Calculate the remainder when h is divided by b(r).
4
Suppose 7*p - 50 = 2*p. Let q = -261 + 345. What is the remainder when p is divided by -4 + -1 - q/35*-5?
3
Suppose 900 = -1254*b + 1404*b. Calculate the remainder when 784 is divided by b.
4
Let s be -5*(-9)/(-18)*16/(-10). Suppose n + h - 120 = 0, s*h + 12 + 0 = 0. Calculate the remainder when n is divided by 18.
15
Suppose -15 = 2*m - 181. Let p = 95 - m. What is the remainder when p is divided by (-1)/(-4 + 54/14)?
5
Let g(i) = -i**2 + 2*i + 11. Let z be g(-3). Let w(u) = -u**2 - 6*u + 9. Let d be w(5). What is the remainder when 137 is divided by d*(3 + z + 0)?
45
Let w = 77 + -70. Let p(n) = n**3 - 5*n**2 - 6*n - 5. Calculate the remainder when p(7) is divided by w.
2
Let i = -27 + 15. Let h = -6 - i. Let q = -1894 - -1903. What is the remainder when q is divided by h?
3
Suppose -f + 250 = 70*s - 67*s, -2*f - 3*s = -512. Let p(b) = -b - 4. What is the remainder when f is divided by p(-9)?
2
Suppose -g + 4*g = 303. Let d(a) = a**3 - 8*a**2 - 10*a + 43. Calculate the remainder when g is divided by d(9).
33
What is the remainder when (0 - 1618/(-12))*(172 + -166) is divided by 17?
10
What is the remainder when (-14)/(14/(19754/(-17))) is divided by 8?
2
Let l = 318 + -253. Let v = l + -33. Calculate the remain